f 19704127?
0
What is the ten thousands digit of 3508284?
0
What is the tens digit of 16617478?
7
What is the units digit of 220129?
9
What is the hundreds digit of 1198029?
0
What is the units digit of 1270062?
2
What is the millions digit of 4226538?
4
What is the hundreds digit of 57942?
9
What is the thousands digit of 170043?
0
What is the units digit of 22908?
8
What is the millions digit of 20009413?
0
What is the millions digit of 6918076?
6
What is the hundred thousands digit of 301612?
3
What is the thousands digit of 540320?
0
What is the thousands digit of 229624?
9
What is the tens digit of 358288?
8
What is the millions digit of 4104390?
4
What is the ten millions digit of 14000537?
1
What is the thousands digit of 4126687?
6
What is the tens digit of 516991?
9
What is the ten millions digit of 11784276?
1
What is the thousands digit of 283424?
3
What is the hundred thousands digit of 812478?
8
What is the units digit of 315759?
9
What is the thousands digit of 7583985?
3
What is the hundred thousands digit of 208771?
2
What is the tens digit of 4080351?
5
What is the hundred thousands digit of 13506773?
5
What is the units digit of 1814432?
2
What is the millions digit of 1088422?
1
What is the thousands digit of 382151?
2
What is the thousands digit of 277156?
7
What is the thousands digit of 132786?
2
What is the thousands digit of 8939327?
9
What is the tens digit of 26439?
3
What is the units digit of 1682854?
4
What is the units digit of 5892?
2
What is the units digit of 4162612?
2
What is the ten thousands digit of 228918?
2
What is the thousands digit of 24803?
4
What is the millions digit of 13561185?
3
What is the thousands digit of 445376?
5
What is the units digit of 164161?
1
What is the thousands digit of 538029?
8
What is the thousands digit of 6730197?
0
What is the units digit of 451846?
6
What is the thousands digit of 12460289?
0
What is the thousands digit of 4455180?
5
What is the units digit of 42221135?
5
What is the hundred thousands digit of 359089?
3
What is the ten thousands digit of 370992?
7
What is the hundred thousands digit of 5179501?
1
What is the units digit of 767887?
7
What is the millions digit of 10177788?
0
What is the tens digit of 1250582?
8
What is the ten thousands digit of 1557124?
5
What is the hundreds digit of 481607?
6
What is the thousands digit of 97650?
7
What is the units digit of 254413?
3
What is the millions digit of 2600100?
2
What is the hundred thousands digit of 529537?
5
What is the ten thousands digit of 207813?
0
What is the hundred thousands digit of 177196?
1
What is the ten thousands digit of 9145735?
4
What is the units digit of 44582?
2
What is the hundreds digit of 18230443?
4
What is the hundreds digit of 180141?
1
What is the hundreds digit of 654236?
2
What is the units digit of 1478879?
9
What is the hundreds digit of 155497?
4
What is the hundreds digit of 2868475?
4
What is the units digit of 273811?
1
What is the hundred thousands digit of 701464?
7
What is the thousands digit of 537121?
7
What is the ten thousands digit of 23804479?
0
What is the ten thousands digit of 17833161?
3
What is the tens digit of 259036?
3
What is the units digit of 153329?
9
What is the units digit of 107379?
9
What is the hundreds digit of 209505?
5
What is the units digit of 537820?
0
What is the units digit of 7854757?
7
What is the hundred thousands digit of 14442666?
4
What is the hundred thousands digit of 746983?
7
What is the tens digit of 9845064?
6
What is the ten thousands digit of 734704?
3
What is the tens digit of 6372226?
2
What is the thousands digit of 2196600?
6
What is the ten thousands digit of 273150?
7
What is the hundreds digit of 3092498?
4
What is the hundreds digit of 964217?
2
What is the tens digit of 370470?
7
What is the units digit of 500307?
7
What is the hundred thousands digit of 3746003?
7
What is the tens digit of 5022313?
1
What is the hundred thousands digit of 6927387?
9
What is the units digit of 95474?
4
What is the hundred thousands digit of 625856?
6
What is the hundred thousands digit of 20127562?
1
What is the tens digit of 28147?
4
What is the hundreds digit of 7029733?
7
What is the tens digit of 1465893?
9
What is the thousands digit of 682383?
2
What is the thousands digit of 921151?
1
What is the hundreds digit of 2077345?
3
What is the ten thousands digit of 3352333?
5
What is the units digit of 149394?
4
What is the units digit of 219441?
1
What is the units digit of 928840?
0
What is the ten thousands digit of 471757?
7
What is the thousands digit of 781397?
1
What is the thousands digit of 3276942?
6
What is the units digit of 1552897?
7
What is the millions digit of 12484635?
2
What is the tens digit of 187264?
6
What is the units digit of 251979?
9
What is the thousands digit of 645695?
5
What is the hundreds digit of 1007120?
1
What is the thousands digit of 1433662?
3
What is the hundred thousands digit of 907379?
9
What is the thousands digit of 7822660?
2
What is the ten thousands digit of 10361520?
6
What is the hundreds digit of 316980?
9
What is the ten thousands digit of 570633?
7
What is the ten thousands digit of 76282?
7
What is the tens digit of 6791026?
2
What is the hundred thousands digit of 560644?
5
What is the thousands digit of 446419?
6
What is the thousands digit of 1729260?
9
What is the ten thousands digit of 252268?
5
What is the tens digit of 3730139?
3
What is the hundreds digit of 967854?
8
What is the hundred thousands digit of 3874097?
8
What is the tens digit of 3678072?
7
What is the hundred thousands digit of 1681367?
6
What is the hundred thousands digit of 724288?
7
What is the millions digit of 5485517?
5
What is the millions digit of 4450888?
4
What is the ten thousands digit of 1248457?
4
What is the ten thousands digit of 11388?
1
What is the millions digit of 9102508?
9
What is the ten thousands digit of 1044525?
4
What is the thousands digit of 1487721?
7
What is the hundred thousands digit of 7569273?
5
What is the hundred thousands digit of 23693497?
6
What is the hundred thousands digit of 1106414?
1
What is the hundred thousands digit of 203485?
2
What is the units digit of 1629136?
6
What is the hundred thousands digit of 332140?
3
What is the tens digit of 564078?
7
What is the tens digit of 1115614?
1
What is the tens digit of 644414?
1
What is the ten thousands digit of 3910418?
1
What is the thousands digit of 6343258?
3
What is the tens digit of 865181?
8
What is the hundred thousands digit of 484241?
4
What is the thousands digit of 490616?
0
What is the tens digit of 566319?
1
What is the tens digit of 831930?
3
What is the millions digit of 12997299?
2
What is the millions digit of 9911605?
9
What is the units digit of 133395?
5
What is the hundred thousands digit of 1077362?
0
What is the hundreds digit of 15852888?
8
What is the units digit of 287697?
7
What is the ten thousands digit of 3505196?
0
What is the thousands digit of 60783?
0
What is the tens digit of 270365?
6
What is the millions digit of 33414416?
3
What is the units digit of 3868443?
3
What is the tens digit of 115890?
9
What is the hundred thousands digit of 878711?
8
What is the ten thousands digit of 2227669?
2
What is the hundred thousands digit of 491435?
4
What is the hundreds digit of 169578?
5
What is the tens digit of 1188244?
4
What is the tens digit of 137193?
9
What is the hundreds digit of 3892254?
2
What is the millions digit of 1443939?
1
What is the hundreds digit of 285840?
8
What is the tens digit of 1175828?
2
What is the hundred thousands digit of 252975?
2
What is the tens digit of 8009214?
1
What is the units digit of 596269?
9
What is the tens digit of 1805293?
9
What is the tens digit of 2491741?
4
What is the units digit of 22320308?
8
What is the hundreds digit of 1186182?
1
What is the hundred thousands digit of 451221?
4
What is the hundred thousands digit of 1397727?
3
What is the hundred thousands digit of 874857?
8
What is the ten thousands digit of 1443022?
4
What is the ten thousands digit of 37239758?
3
What is the thousands digit of 390767?
0
What is the units digit of 413863?
3
What is the millions digit of 3238284?
3
What is the millions digit of 3847152?
3
Wh